{"id":1287,"date":"2025-02-16T08:06:26","date_gmt":"2025-02-16T07:06:26","guid":{"rendered":"https:\/\/wieslawszczepanski.eu\/?page_id=1287"},"modified":"2025-03-06T11:59:46","modified_gmt":"2025-03-06T10:59:46","slug":"prasa","status":"publish","type":"page","link":"https:\/\/wieslawszczepanski.eu\/?page_id=1287","title":{"rendered":"Prasa"},"content":{"rendered":"\t\t<div data-elementor-type=\"wp-page\" data-elementor-id=\"1287\" class=\"elementor elementor-1287\">\n\t\t\t\t<div class=\"elementor-element elementor-element-561a5ca e-flex e-con-boxed e-con e-parent\" data-id=\"561a5ca\" data-element_type=\"container\" data-e-type=\"container\">\n\t\t\t\t\t<div class=\"e-con-inner\">\n\t\t\t\t<div class=\"elementor-element elementor-element-6f3c73b elementor-position-left elementor-vertical-align-middle elementor-widget elementor-widget-image-box\" data-id=\"6f3c73b\" data-element_type=\"widget\" data-e-type=\"widget\" data-widget_type=\"image-box.default\">\n\t\t\t\t<div class=\"elementor-widget-container\">\n\t\t\t\t\t<div class=\"elementor-image-box-wrapper\"><figure class=\"elementor-image-box-img\"><a href=\"https:\/\/infosecurity24.pl\/sluzby-mundurowe\/na-co-moga-liczyc-funkcjonariusze-wiceminister-szczepanski-o-dodatku-mieszkaniowym-podwyzkach-i-budzecie-wywiad\" tabindex=\"-1\"><img fetchpriority=\"high\" decoding=\"async\" width=\"1920\" height=\"1080\" src=\"https:\/\/wieslawszczepanski.eu\/wp-content\/uploads\/2025\/02\/5ONXKkiuhjeUKu7nNOt2ttM0uCow4WyaUfuzHCNA.3xp0.webp\" class=\"attachment-full size-full wp-image-1289\" alt=\"\" srcset=\"https:\/\/wieslawszczepanski.eu\/wp-content\/uploads\/2025\/02\/5ONXKkiuhjeUKu7nNOt2ttM0uCow4WyaUfuzHCNA.3xp0.webp 1920w, https:\/\/wieslawszczepanski.eu\/wp-content\/uploads\/2025\/02\/5ONXKkiuhjeUKu7nNOt2ttM0uCow4WyaUfuzHCNA.3xp0-300x169.webp 300w, https:\/\/wieslawszczepanski.eu\/wp-content\/uploads\/2025\/02\/5ONXKkiuhjeUKu7nNOt2ttM0uCow4WyaUfuzHCNA.3xp0-1024x576.webp 1024w, https:\/\/wieslawszczepanski.eu\/wp-content\/uploads\/2025\/02\/5ONXKkiuhjeUKu7nNOt2ttM0uCow4WyaUfuzHCNA.3xp0-768x432.webp 768w, https:\/\/wieslawszczepanski.eu\/wp-content\/uploads\/2025\/02\/5ONXKkiuhjeUKu7nNOt2ttM0uCow4WyaUfuzHCNA.3xp0-1536x864.webp 1536w\" sizes=\"(max-width: 1920px) 100vw, 1920px\" \/><\/a><\/figure><div class=\"elementor-image-box-content\"><h3 class=\"elementor-image-box-title\"><a href=\"https:\/\/infosecurity24.pl\/sluzby-mundurowe\/na-co-moga-liczyc-funkcjonariusze-wiceminister-szczepanski-o-dodatku-mieszkaniowym-podwyzkach-i-budzecie-wywiad\">Na co mog\u0105 liczy\u0107 funkcjonariusze? Wiceminister Szczepa\u0144ski o dodatku mieszkaniowym, podwy\u017ckach i bud\u017cecie [WYWIAD]<\/a><\/h3><p class=\"elementor-image-box-description\">infosecurity24.pl<\/p><\/div><\/div>\t\t\t\t<\/div>\n\t\t\t\t<\/div>\n\t\t\t\t\t<\/div>\n\t\t\t\t<\/div>\n\t\t<div class=\"elementor-element elementor-element-661e717 e-flex e-con-boxed e-con e-parent\" data-id=\"661e717\" data-element_type=\"container\" data-e-type=\"container\">\n\t\t\t\t\t<div class=\"e-con-inner\">\n\t\t\t\t<div class=\"elementor-element elementor-element-e579fd7 elementor-position-left elementor-vertical-align-middle elementor-widget elementor-widget-image-box\" data-id=\"e579fd7\" data-element_type=\"widget\" data-e-type=\"widget\" data-widget_type=\"image-box.default\">\n\t\t\t\t<div class=\"elementor-widget-container\">\n\t\t\t\t\t<div class=\"elementor-image-box-wrapper\"><figure class=\"elementor-image-box-img\"><a href=\"https:\/\/www.gov.pl\/web\/mswia\/wiceminister-wieslaw-szczepanski-na-gali-nagrod-portrety-siostrzenstwa\" tabindex=\"-1\"><img decoding=\"async\" width=\"1460\" height=\"616\" src=\"https:\/\/wieslawszczepanski.eu\/wp-content\/uploads\/2025\/03\/siostrzenstwa.jpeg\" class=\"attachment-full size-full wp-image-1458\" alt=\"\" srcset=\"https:\/\/wieslawszczepanski.eu\/wp-content\/uploads\/2025\/03\/siostrzenstwa.jpeg 1460w, https:\/\/wieslawszczepanski.eu\/wp-content\/uploads\/2025\/03\/siostrzenstwa-300x127.jpeg 300w, https:\/\/wieslawszczepanski.eu\/wp-content\/uploads\/2025\/03\/siostrzenstwa-1024x432.jpeg 1024w, https:\/\/wieslawszczepanski.eu\/wp-content\/uploads\/2025\/03\/siostrzenstwa-768x324.jpeg 768w\" sizes=\"(max-width: 1460px) 100vw, 1460px\" \/><\/a><\/figure><div class=\"elementor-image-box-content\"><h3 class=\"elementor-image-box-title\"><a href=\"https:\/\/www.gov.pl\/web\/mswia\/wiceminister-wieslaw-szczepanski-na-gali-nagrod-portrety-siostrzenstwa\">Wiceminister Wies\u0142aw Szczepa\u0144ski na gali nagr\u00f3d \u201ePortrety Siostrze\u0144stwa\u201d<\/a><\/h3><p class=\"elementor-image-box-description\">gov.pl\/mswia<\/p><\/div><\/div>\t\t\t\t<\/div>\n\t\t\t\t<\/div>\n\t\t\t\t\t<\/div>\n\t\t\t\t<\/div>\n\t\t\t\t<\/div>\n\t\t","protected":false},"excerpt":{"rendered":"<p>Na co mog\u0105 liczy\u0107 funkcjonariusze? Wiceminister Szczepa\u0144ski o dodatku mieszkaniowym, podwy\u017ckach i bud\u017cecie [WYWIAD] infosecurity24.pl Wiceminister Wies\u0142aw Szczepa\u0144ski na gali nagr\u00f3d \u201ePortrety Siostrze\u0144stwa\u201d gov.pl\/mswia<\/p>\n","protected":false},"author":1,"featured_media":0,"parent":0,"menu_order":0,"comment_status":"closed","ping_status":"closed","template":"no-title","meta":{"_uag_custom_page_level_css":"","footnotes":""},"class_list":["post-1287","page","type-page","status-publish","hentry"],"aioseo_notices":[],"uagb_featured_image_src":{"full":false,"thumbnail":false,"medium":false,"medium_large":false,"large":false,"1536x1536":false,"2048x2048":false},"uagb_author_info":{"display_name":"admin","author_link":"https:\/\/wieslawszczepanski.eu\/?author=1"},"uagb_comment_info":0,"uagb_excerpt":"Na co mog\u0105 liczy\u0107 funkcjonariusze? Wiceminister Szczepa\u0144ski o dodatku mieszkaniowym, podwy\u017ckach i bud\u017cecie [WYWIAD] infosecurity24.pl Wiceminister Wies\u0142aw Szczepa\u0144ski na gali nagr\u00f3d \u201ePortrety Siostrze\u0144stwa\u201d gov.pl\/mswia","_links":{"self":[{"href":"https:\/\/wieslawszczepanski.eu\/index.php?rest_route=\/wp\/v2\/pages\/1287","targetHints":{"allow":["GET"]}}],"collection":[{"href":"https:\/\/wieslawszczepanski.eu\/index.php?rest_route=\/wp\/v2\/pages"}],"about":[{"href":"https:\/\/wieslawszczepanski.eu\/index.php?rest_route=\/wp\/v2\/types\/page"}],"author":[{"embeddable":true,"href":"https:\/\/wieslawszczepanski.eu\/index.php?rest_route=\/wp\/v2\/users\/1"}],"replies":[{"embeddable":true,"href":"https:\/\/wieslawszczepanski.eu\/index.php?rest_route=%2Fwp%2Fv2%2Fcomments&post=1287"}],"version-history":[{"count":19,"href":"https:\/\/wieslawszczepanski.eu\/index.php?rest_route=\/wp\/v2\/pages\/1287\/revisions"}],"predecessor-version":[{"id":1467,"href":"https:\/\/wieslawszczepanski.eu\/index.php?rest_route=\/wp\/v2\/pages\/1287\/revisions\/1467"}],"wp:attachment":[{"href":"https:\/\/wieslawszczepanski.eu\/index.php?rest_route=%2Fwp%2Fv2%2Fmedia&parent=1287"}],"curies":[{"name":"wp","href":"https:\/\/api.w.org\/{rel}","templated":true}]}}